{"id":67,"date":"2018-07-05T14:20:21","date_gmt":"2018-07-05T14:20:21","guid":{"rendered":"https:\/\/selinger.eu\/?page_id=67"},"modified":"2021-11-10T20:33:10","modified_gmt":"2021-11-10T20:33:10","slug":"one-page-express","status":"publish","type":"page","link":"https:\/\/selinger.eu\/","title":{"rendered":"Front Page"},"content":{"rendered":"<div  id=\"overlapable-2\" style=\"background-color: #ffffff;\" data-label=\"Overlapable\" data-id=\"stripped-coloured-icon-boxes\" data-category=\"overlapable\" class=\"features-coloured-icon-boxes-section\" data-overlap=\"true\">\n<div  class=\"gridContainer\">\n<div  class=\"features-coloured-icon-boxes-innerrow flexbox-list dark-text\" data-type=\"row\">\n<div  class=\"features-coloured-icon-boxes-featurecol cp6cols\">\n<h4  class=\"\">F\u00fcr einen Kaffee ist immer Zeit<\/h4>\n<p  class=\"\">Guten Tag im Redaktionsb\u00fcro Selinger,<\/p>\nals freies und unabh\u00e4ngiges Redaktionsb\u00fcro biete ich Ihnen meine mehr als 25-j\u00e4hrige Erfahrung als Redakteur, Projektleiter und Chefredakteur f\u00fcr alle Ihre IT-Projekte an.\n\n<img decoding=\"async\"  class=\"custom-image\" src=\"https:\/\/selinger.eu\/wp-content\/uploads\/2018\/07\/espresso-4.jpg\">\n\n<\/div>\n<\/div>\n<\/div>\n<\/div><div  id=\"content-3\" style=\"background-color: #ffffff;\" data-label=\"Content\" data-id=\"content-image-left\" data-category=\"content\" class=\"content-left-image-section\">\n<div  class=\"gridContainer\">\n<div  class=\"row\">\n<div  class=\"content-left-image-imgcol\" data-type=\"column\"><img decoding=\"async\"  class=\"custom-image\" src=\"https:\/\/selinger.eu\/wp-content\/uploads\/2018\/11\/office-419965_640.jpg\"><\/div>\n<div  class=\"content-left-image-textcol dynamic-color\" data-type=\"column\">\n<h2  class=\"\">Ich bin gerne f\u00fcr Sie da<\/h2>\n<p  class=\"large_text\">Ich biete Ihnen auf Wunsch redaktionelle Ideen, erarbeite Konzepte und setzte diese in Projekte um. Das k\u00f6nnen etwa regelm\u00e4\u00dfige Fachzeitschriften, Sonderprojekte, Online-Portale oder Fachartikel sein. Ebenfalls unterst\u00fctze ich Sie gerne in der Presse- und Marketingarbeit. Im folgenden Bereich Projekte sehen Sie, was ich Ihnen bieten kann. Bei Kontakt finden Sie viele M\u00f6glichkeiten mich direkt anzusprechen.<\/p>\n\n\n<\/div>\n<\/div>\n<\/div>\n<\/div><div  data-label=\"Features\" data-id=\"features-image-cards-section\" data-category=\"features\" class=\"features-image-cards-section\" style=\"background-color: rgb(246, 246, 246);\" id=\"features-2\">\n<div  class=\"gridContainer\">\n<div  class=\"features-image-cards-textrow\">\n<div  class=\"features-image-cards-textcol dynamic-color\" data-type=\"column\">\n<h2  class=\"\">Meine Projekte<\/h2>\n<p  class=\"\">Da ich seit 1991 in der Branche aktiv bin, kann ich \u00fcber viele Projekte berichten. Hier eine kurze Zusammenfassung von regelm\u00e4\u00dfigen bzw. gr\u00f6\u00dferen Projekten.<\/p>\n\n\n<\/div>\n<\/div>\n<div  class=\"features-image-cards-innerrow flexbox-list dark-text\" data-type=\"row\">\n<div  class=\"features-image-cards-cardcol cp4cols cp6cols-tablet\">\n<div  class=\"features-image-cards-cardrow\">\n<div  class=\"features-image-cards-cardtextrow\" data-type=\"column\">\n<h4  class=\"\">Seit 10\/12: Journalistische T\u00e4tigkeit f\u00fcr die AV-TEST GmbH<\/h4>\n<p  class=\"\">Das gr\u00f6\u00dfte Antivirentestlabor Europas mit \u00fcber 30 Mitarbeitern. Sehr viele der Artikel im News-Bereich stammen von mir.<\/p>\n\n\n<hr  class=\"features-image-cards-separator\">\n\n<a href=\"https:\/\/www.av-test.org\/de\/news\" class=\"\" target=\"_blank\" rel=\"noopener\">Zu den News von AV-TEST<\/a><\/div>\n<\/div>\n<\/div>\n<div  class=\"features-image-cards-cardcol cp4cols cp6cols-tablet\">\n<div  class=\"features-image-cards-cardrow\">\n<div  class=\"features-image-cards-cardtextrow\" data-type=\"column\">\n<h4  class=\"\">11\/13 bis 11\/16: architekt &amp; it, eine 48-seitige Beilage in DETAIL<\/h4>\n<p  class=\"\"> DETAIL \u2013 eine der gr\u00f6\u00dften Architektur-Zeitschriften in Deutschland (35.000 Exp. monatlich). Ausgabe 11\/13 gibt es als Online-PDF zum nachlesen.<\/p>\n\n\n<hr  class=\"features-image-cards-separator\">\n\n<a href=\"https:\/\/selinger.eu\/wp-content\/uploads\/2018\/11\/architekt-IT_Supplement1.pdf\" class=\"\" target=\"_blank\" rel=\"noopener\">PDF-Datei laden<\/a><\/div>\n<\/div>\n<\/div>\n<div  class=\"features-image-cards-cardcol cp4cols cp6cols-tablet\">\n<div  class=\"features-image-cards-cardrow\">\n<div  class=\"features-image-cards-cardtextrow\" data-type=\"column\">\n<h4  class=\"\">Seit 10\/12: Fachartikel f\u00fcr Hefte wie z.B. com! professional<\/h4>\n<p  class=\"\">Besonders bei com! professional erscheinen viele meiner Artikel zum Thema IT-Security.<\/p>\n\n\n<hr  class=\"features-image-cards-separator\">\n\n<a href=\"https:\/\/www.com-magazin.de\/autor\/markus-selinger-486886.html\" class=\"\" target=\"_blank\" rel=\"noopener\">Artikel-Liste bei com! professional<\/a><\/div>\n<\/div>\n<\/div>\n<div  class=\"features-image-cards-cardcol cp4cols cp6cols-tablet\">\n<div  class=\"features-image-cards-cardrow\">\n<div  class=\"features-image-cards-cardtextrow\" data-type=\"column\">\n<h4  class=\"\">Seit 10\/12: Konzept, Aufbau und Pflege www.hellundwarm.de<\/h4>\n<p  class=\"\">Das Webangebot hilft Kunden beim schnellen Wechsel von Strom- und Gas-Anbieter.<\/p>\n\n\n<hr  class=\"features-image-cards-separator\">\n\n<a href=\"https:\/\/hellundwarm.de\" class=\"\" target=\"_blank\" rel=\"noopener\">Zu hellundwarm.de<\/a><\/div>\n<\/div>\n<\/div>\n<div  class=\"features-image-cards-cardcol cp4cols cp6cols-tablet\">\n<div  class=\"features-image-cards-cardrow\">\n<div  class=\"features-image-cards-cardtextrow\" data-type=\"column\">\n<h4  class=\"\">Seit 08\/14: Konzept, Aufbau und Pflege www.virus-hilfe.info<\/h4>\n<p  class=\"\">Die kostenlose Plattform hilft Anwender in Sachen Sicherheits-Software, gibt Tipps und ver\u00f6ffentlicht Testergebnisse.<\/p>\n\n\n<hr  class=\"features-image-cards-separator\">\n\n<a href=\"https:\/\/virus-hilfe.info\" class=\"\" target=\"_blank\" rel=\"noopener\">Zu virus-hilfe.info SPYSTOP<\/a><\/div>\n<\/div>\n<\/div>\n<div  class=\"features-image-cards-cardcol cp4cols cp6cols-tablet\">\n<div  class=\"features-image-cards-cardrow\">\n<div  class=\"features-image-cards-cardtextrow\" data-type=\"column\">\n<h4  class=\"\">Seit 06\/20: Das B2B-News-Portal www.b2b-cyber-security.de<\/h4>\n<p  class=\"\">Hier dreht sich alle um B2B und Cyber Sicherheit. Via Storys und Meldungen finden Experten viele Infos.&nbsp;<\/p>\n\n\n<hr  class=\"features-image-cards-separator\">\n\n<a href=\"https:\/\/b2b-cyber-security.de\" class=\"\" target=\"_blank\" rel=\"noopener\">Zu b2b-cyber-security.de<\/a><\/div>\n<\/div>\n<\/div>\n<\/div>\n<\/div>\n<\/div><div  data-label=\"Features\" data-id=\"features-square-image-section\" data-category=\"features\" class=\"features-square-image-section\" id=\"features-7\" style=\"background-color: rgb(246, 246, 246);\">\n<div  class=\"dynamic-color gridContainer\">\n<div  class=\"features-square-image-textrow\">\n<div  class=\"features-square-image-textcol\" data-type=\"column\">\n<h2  class=\"\">Berufliche Stationen<\/h2>\n<p  class=\"\">Da man an Aufgaben bekanntlich w\u00e4chst, m\u00f6chte ich Ihnen hier einen kurzen \u00dcberblick dazu geben.<\/p>\n\n\n<\/div>\n<\/div>\n<div  class=\"features-square-image-innerrow\" data-type=\"row\">\n<div  class=\"features-square-image-featcol cp6cols-tablet cp12cols\">\n<h4  class=\"\">Aufgaben und Positionen bei Verlagen<\/h4>\n<p  class=\"\">10.10 \u2013 04.12 Redaktionsleitung com! So geht\u2019s, Auflage 70.000 Hefte, Neue Mediengesellschaft Ulm mbH (NMG)\n<br >01.08 \u2013 10.10 Redakteur com! Magazin, Ressort Computer, Auflage 200.000 Hefte NMG\n\n<br >10.04 \u2013 12.07 Koordinator Online PC Magazin (CH), Auflage 32.000 Hefte, NMG\n\n<br >10.03 \u2013 10.04 Redaktionsleitung Online PC, Magazin (CH), Relaunch NMG\n\n<br >03.03 \u2013 06.05 Chefredakteur Tiscali Magazin, Auflage 40.000 Hefte NMG\n\n<br >01.02 \u2013 03.03 HomeP@ge-Magazin Supplement in com! Magazin, NMG\n\n<br >06.99 \u2013 01.02 Chefredakteur HomeP@ge-Magazin, Auflage 90.000 Hefte NMG\n\n<br >01.99 \u2013 09.05 Chefredakteur ISDN &amp; T-DSL Magazin, Auflage 60.000 Hefte NMG\n\n<br >07.98 \u2013 08.99 Aufbau CD-Produktion und Qualit\u00e4tssicherung, Leitung NMG\n\n<br >01.97 \u2013 06.98 Redaktionsleitung Magazin Highscreen Highlights, Auflage 110.000 Hefte, Verlag DMV, M\u00fcnchen\n\n<br >04.94 \u2013 12.96 Redakteur Magazin, Highscreen Highlights Verlag DMV, M\u00fcnchen\n\n<br >04.91 \u2013 03.94 Redakteur Magazin Computer Pers\u00f6nlich Verlag Markt &amp; Technik<\/p>\n\n\n<\/div>\n<\/div>\n<\/div>\n<\/div><div  data-label=\"Team\" data-id=\"team-colors-section\" data-category=\"team\" class=\"team-colors-section\" id=\"team-1\" style=\"background-color: rgb(255, 255, 255);\">\n<div  class=\"gridContainer\">\n<div  class=\"team-colors-textcol dynamic-color\">\n<h2 >Ich stehe bereit<\/h2>\n<p  class=\"\">Sie k\u00f6nnen mich jederzeit ansprechen. Sie erreichen mich \u00fcber sehr viele Kan\u00e4le, wie auch Portale und Social Media.<\/p>\n\n\n<\/div>\n<div  class=\"team-colors-membersrow dark-text\" data-type=\"row\">\n<div  class=\"team-colors-membercol cp6cols-tablet cp6cols\">\n<div  class=\"team-colors-membercard\">\n<div  class=\"team-colors-background\"><\/div>\n<div  class=\"team-colors-memberinfo\" data-type=\"column\"><img decoding=\"async\"  class=\"team-colors-memberimg\" data-size=\"500x500\" src=\"https:\/\/selinger.eu\/wp-content\/uploads\/2018\/11\/kopf2.jpg\">\n<h4  class=\"team-colors-membername\">Markus Selinger<\/h4>\n<p  class=\"team-colors-memberposition\">Inhaber<\/p>\n<p  class=\"\">Sie erreichen mich immer am schnellsten per Telefon oder E-Mail:<\/p>\nMail: presse@mselinger.de\n\nSkype: markus,selinger\nXing: Markus Selinger\nTelefon: +49 (0)171 5 30 26 63\nFacebook: Markus Selinger\n\n<hr  class=\"team-colors-separator\">\n\n<\/div>\n<div  class=\"team-colors-membericons\" data-type=\"group\"> <a href=\"mailto:presse@mselinger.de\" target=\"_self\" rel=\"noopener\"><i  data-cp-fa=\"true\" class=\"team-colors-icon fa fa-envelope\"><\/i><\/a> <a href=\"https:\/\/www.xing.com\/profile\/Markus_Selinger\" target=\"_blank\" class=\"\" rel=\"noopener\"><i  data-cp-fa=\"true\" class=\"fa team-colors-icon fa-xing\"><\/i><\/a> <a href=\"https:\/\/selinger.eu\/markus,selinger\" target=\"_blank\" rel=\"noopener\"><i  data-cp-fa=\"true\" class=\"fa team-colors-icon fa-skype\"><\/i><\/a><\/div>\n<\/div>\n<\/div>\n<div  class=\"team-colors-membercol cp6cols-tablet cp6cols\">\n<div  class=\"team-colors-membercard\">\n<div  class=\"team-colors-background\"><\/div>\n<div  class=\"team-colors-memberinfo\" data-type=\"column\"><img decoding=\"async\"  class=\"team-colors-memberimg\" data-size=\"500x500\" src=\"https:\/\/selinger.eu\/wp-content\/uploads\/2018\/11\/cropped-friends-1015314_640.jpg\">\n<h4  class=\"team-colors-membername\">Freie Kollegen<\/h4>\n<p  class=\"team-colors-memberposition\">Geballtes Wissen<\/p>\n<p  class=\"\">In den vielen Jahren habe ich viele gute und professionelle Kollegen kennengelernt und ziehe sie gerne zu gro\u00dfen Projekten hinzu.<\/p>\n\n\n<hr  class=\"team-colors-separator\">\n\n<\/div>\n<div  class=\"team-colors-membericons\" data-type=\"group\"> <a href=\"#\" target=\"_self\" data-reiki-hidden=\"true\" rel=\"noopener\"><i  data-cp-fa=\"true\" class=\"team-colors-icon fa fa-linkedin\"><\/i><\/a> <a href=\"#\" target=\"_self\" data-reiki-hidden=\"true\" rel=\"noopener\"><i  data-cp-fa=\"true\" class=\"fa team-colors-icon fa-twitter\"><\/i><\/a> <a href=\"#\" target=\"_self\" data-reiki-hidden=\"true\" rel=\"noopener\"><i  data-cp-fa=\"true\" class=\"fa team-colors-icon fa-dribbble\"><\/i><\/a><\/div>\n<\/div>\n<\/div>\n<\/div>\n<\/div>\n<\/div>","protected":false},"excerpt":{"rendered":"<p>F\u00fcr einen Kaffee ist immer Zeit Guten Tag im Redaktionsb\u00fcro Selinger, als freies und unabh\u00e4ngiges Redaktionsb\u00fcro biete ich Ihnen meine mehr als 25-j\u00e4hrige Erfahrung als Redakteur, Projektleiter und Chefredakteur f\u00fcr alle Ihre IT-Projekte an. Ich bin gerne f\u00fcr Sie da Ich biete Ihnen auf Wunsch redaktionelle Ideen, erarbeite Konzepte und setzte diese in Projekte um.&hellip; <br \/> <a class=\"button small blue\" href=\"https:\/\/selinger.eu\/\">Weiterlesen<\/a><\/p>\n","protected":false},"author":1,"featured_media":0,"parent":0,"menu_order":0,"comment_status":"closed","ping_status":"open","template":"","meta":{"footnotes":""},"class_list":["post-67","page","type-page","status-publish","hentry"],"yoast_head":"<!-- This site is optimized with the Yoast SEO plugin v27.4 - https:\/\/yoast.com\/product\/yoast-seo-wordpress\/ -->\n<title>Front Page - Redaktionsb\u00fcro Selinger<\/title>\n<meta name=\"robots\" content=\"index, follow, max-snippet:-1, max-image-preview:large, max-video-preview:-1\" \/>\n<link rel=\"canonical\" href=\"https:\/\/selinger.eu\/\" \/>\n<meta property=\"og:locale\" content=\"de_DE\" \/>\n<meta property=\"og:type\" content=\"article\" \/>\n<meta property=\"og:title\" content=\"Front Page - Redaktionsb\u00fcro Selinger\" \/>\n<meta property=\"og:description\" content=\"F\u00fcr einen Kaffee ist immer Zeit Guten Tag im Redaktionsb\u00fcro Selinger, als freies und unabh\u00e4ngiges Redaktionsb\u00fcro biete ich Ihnen meine mehr als 25-j\u00e4hrige Erfahrung als Redakteur, Projektleiter und Chefredakteur f\u00fcr alle Ihre IT-Projekte an. Ich bin gerne f\u00fcr Sie da Ich biete Ihnen auf Wunsch redaktionelle Ideen, erarbeite Konzepte und setzte diese in Projekte um.&hellip; Weiterlesen\" \/>\n<meta property=\"og:url\" content=\"https:\/\/selinger.eu\/\" \/>\n<meta property=\"og:site_name\" content=\"Redaktionsb\u00fcro Selinger\" \/>\n<meta property=\"article:modified_time\" content=\"2021-11-10T20:33:10+00:00\" \/>\n<meta property=\"og:image\" content=\"https:\/\/selinger.eu\/wp-content\/uploads\/2018\/07\/espresso-4.jpg\" \/>\n<meta name=\"twitter:card\" content=\"summary_large_image\" \/>\n<meta name=\"twitter:label1\" content=\"Gesch\u00e4tzte Lesezeit\" \/>\n\t<meta name=\"twitter:data1\" content=\"3\u00a0Minuten\" \/>\n<script type=\"application\/ld+json\" class=\"yoast-schema-graph\">{\"@context\":\"https:\\\/\\\/schema.org\",\"@graph\":[{\"@type\":\"WebPage\",\"@id\":\"https:\\\/\\\/selinger.eu\\\/\",\"url\":\"https:\\\/\\\/selinger.eu\\\/\",\"name\":\"Front Page - Redaktionsb\u00fcro Selinger\",\"isPartOf\":{\"@id\":\"https:\\\/\\\/selinger.eu\\\/#website\"},\"primaryImageOfPage\":{\"@id\":\"https:\\\/\\\/selinger.eu\\\/#primaryimage\"},\"image\":{\"@id\":\"https:\\\/\\\/selinger.eu\\\/#primaryimage\"},\"thumbnailUrl\":\"https:\\\/\\\/selinger.eu\\\/wp-content\\\/uploads\\\/2018\\\/07\\\/espresso-4.jpg\",\"datePublished\":\"2018-07-05T14:20:21+00:00\",\"dateModified\":\"2021-11-10T20:33:10+00:00\",\"breadcrumb\":{\"@id\":\"https:\\\/\\\/selinger.eu\\\/#breadcrumb\"},\"inLanguage\":\"de\",\"potentialAction\":[{\"@type\":\"ReadAction\",\"target\":[\"https:\\\/\\\/selinger.eu\\\/\"]}]},{\"@type\":\"ImageObject\",\"inLanguage\":\"de\",\"@id\":\"https:\\\/\\\/selinger.eu\\\/#primaryimage\",\"url\":\"https:\\\/\\\/selinger.eu\\\/wp-content\\\/uploads\\\/2018\\\/07\\\/espresso-4.jpg\",\"contentUrl\":\"https:\\\/\\\/selinger.eu\\\/wp-content\\\/uploads\\\/2018\\\/07\\\/espresso-4.jpg\",\"width\":2000,\"height\":1200},{\"@type\":\"BreadcrumbList\",\"@id\":\"https:\\\/\\\/selinger.eu\\\/#breadcrumb\",\"itemListElement\":[{\"@type\":\"ListItem\",\"position\":1,\"name\":\"Startseite\",\"item\":\"https:\\\/\\\/selinger.eu\\\/\"},{\"@type\":\"ListItem\",\"position\":2,\"name\":\"Front Page\"}]},{\"@type\":\"WebSite\",\"@id\":\"https:\\\/\\\/selinger.eu\\\/#website\",\"url\":\"https:\\\/\\\/selinger.eu\\\/\",\"name\":\"Redaktionsb\u00fcro Selinger\",\"description\":\"Redaktion - Corporate Publishing - Text\",\"potentialAction\":[{\"@type\":\"SearchAction\",\"target\":{\"@type\":\"EntryPoint\",\"urlTemplate\":\"https:\\\/\\\/selinger.eu\\\/?s={search_term_string}\"},\"query-input\":{\"@type\":\"PropertyValueSpecification\",\"valueRequired\":true,\"valueName\":\"search_term_string\"}}],\"inLanguage\":\"de\"}]}<\/script>\n<!-- \/ Yoast SEO plugin. -->","yoast_head_json":{"title":"Front Page - Redaktionsb\u00fcro Selinger","robots":{"index":"index","follow":"follow","max-snippet":"max-snippet:-1","max-image-preview":"max-image-preview:large","max-video-preview":"max-video-preview:-1"},"canonical":"https:\/\/selinger.eu\/","og_locale":"de_DE","og_type":"article","og_title":"Front Page - Redaktionsb\u00fcro Selinger","og_description":"F\u00fcr einen Kaffee ist immer Zeit Guten Tag im Redaktionsb\u00fcro Selinger, als freies und unabh\u00e4ngiges Redaktionsb\u00fcro biete ich Ihnen meine mehr als 25-j\u00e4hrige Erfahrung als Redakteur, Projektleiter und Chefredakteur f\u00fcr alle Ihre IT-Projekte an. Ich bin gerne f\u00fcr Sie da Ich biete Ihnen auf Wunsch redaktionelle Ideen, erarbeite Konzepte und setzte diese in Projekte um.&hellip; Weiterlesen","og_url":"https:\/\/selinger.eu\/","og_site_name":"Redaktionsb\u00fcro Selinger","article_modified_time":"2021-11-10T20:33:10+00:00","og_image":[{"url":"https:\/\/selinger.eu\/wp-content\/uploads\/2018\/07\/espresso-4.jpg","type":"","width":"","height":""}],"twitter_card":"summary_large_image","twitter_misc":{"Gesch\u00e4tzte Lesezeit":"3\u00a0Minuten"},"schema":{"@context":"https:\/\/schema.org","@graph":[{"@type":"WebPage","@id":"https:\/\/selinger.eu\/","url":"https:\/\/selinger.eu\/","name":"Front Page - Redaktionsb\u00fcro Selinger","isPartOf":{"@id":"https:\/\/selinger.eu\/#website"},"primaryImageOfPage":{"@id":"https:\/\/selinger.eu\/#primaryimage"},"image":{"@id":"https:\/\/selinger.eu\/#primaryimage"},"thumbnailUrl":"https:\/\/selinger.eu\/wp-content\/uploads\/2018\/07\/espresso-4.jpg","datePublished":"2018-07-05T14:20:21+00:00","dateModified":"2021-11-10T20:33:10+00:00","breadcrumb":{"@id":"https:\/\/selinger.eu\/#breadcrumb"},"inLanguage":"de","potentialAction":[{"@type":"ReadAction","target":["https:\/\/selinger.eu\/"]}]},{"@type":"ImageObject","inLanguage":"de","@id":"https:\/\/selinger.eu\/#primaryimage","url":"https:\/\/selinger.eu\/wp-content\/uploads\/2018\/07\/espresso-4.jpg","contentUrl":"https:\/\/selinger.eu\/wp-content\/uploads\/2018\/07\/espresso-4.jpg","width":2000,"height":1200},{"@type":"BreadcrumbList","@id":"https:\/\/selinger.eu\/#breadcrumb","itemListElement":[{"@type":"ListItem","position":1,"name":"Startseite","item":"https:\/\/selinger.eu\/"},{"@type":"ListItem","position":2,"name":"Front Page"}]},{"@type":"WebSite","@id":"https:\/\/selinger.eu\/#website","url":"https:\/\/selinger.eu\/","name":"Redaktionsb\u00fcro Selinger","description":"Redaktion - Corporate Publishing - Text","potentialAction":[{"@type":"SearchAction","target":{"@type":"EntryPoint","urlTemplate":"https:\/\/selinger.eu\/?s={search_term_string}"},"query-input":{"@type":"PropertyValueSpecification","valueRequired":true,"valueName":"search_term_string"}}],"inLanguage":"de"}]}},"_links":{"self":[{"href":"https:\/\/selinger.eu\/index.php?rest_route=\/wp\/v2\/pages\/67","targetHints":{"allow":["GET"]}}],"collection":[{"href":"https:\/\/selinger.eu\/index.php?rest_route=\/wp\/v2\/pages"}],"about":[{"href":"https:\/\/selinger.eu\/index.php?rest_route=\/wp\/v2\/types\/page"}],"author":[{"embeddable":true,"href":"https:\/\/selinger.eu\/index.php?rest_route=\/wp\/v2\/users\/1"}],"replies":[{"embeddable":true,"href":"https:\/\/selinger.eu\/index.php?rest_route=%2Fwp%2Fv2%2Fcomments&post=67"}],"version-history":[{"count":25,"href":"https:\/\/selinger.eu\/index.php?rest_route=\/wp\/v2\/pages\/67\/revisions"}],"predecessor-version":[{"id":165,"href":"https:\/\/selinger.eu\/index.php?rest_route=\/wp\/v2\/pages\/67\/revisions\/165"}],"wp:attachment":[{"href":"https:\/\/selinger.eu\/index.php?rest_route=%2Fwp%2Fv2%2Fmedia&parent=67"}],"curies":[{"name":"wp","href":"https:\/\/api.w.org\/{rel}","templated":true}]}}